{"id":597,"date":"2019-01-28T17:44:54","date_gmt":"2019-01-28T16:44:54","guid":{"rendered":"https:\/\/anterenn.com\/?page_id=597"},"modified":"2026-01-30T17:22:58","modified_gmt":"2026-01-30T16:22:58","slug":"telechargements","status":"publish","type":"page","link":"https:\/\/anterenn.com\/index.php\/telechargements\/","title":{"rendered":"T\u00e9l\u00e9chargements"},"content":{"rendered":"\t\t<div data-elementor-type=\"wp-page\" data-elementor-id=\"597\" class=\"elementor elementor-597\">\n\t\t\t\t\t\t<section class=\"elementor-section elementor-top-section elementor-element elementor-element-5cf0f9e2 elementor-section-boxed elementor-section-height-default elementor-section-height-default\" data-id=\"5cf0f9e2\" data-element_type=\"section\" data-e-type=\"section\">\n\t\t\t\t\t\t<div class=\"elementor-container elementor-column-gap-default\">\n\t\t\t\t\t<div class=\"elementor-column elementor-col-100 elementor-top-column elementor-element elementor-element-1758f6e9\" data-id=\"1758f6e9\" data-element_type=\"column\" data-e-type=\"column\">\n\t\t\t<div class=\"elementor-widget-wrap elementor-element-populated\">\n\t\t\t\t\t\t<div class=\"elementor-element elementor-element-28ae1ce3 elementor-widget elementor-widget-text-editor\" data-id=\"28ae1ce3\" data-element_type=\"widget\" data-e-type=\"widget\" data-widget_type=\"text-editor.default\">\n\t\t\t\t<div class=\"elementor-widget-container\">\n\t\t\t\t\t\t\t\t\t<p style=\"text-align: center;\">Les fichiers de t\u00e9l\u00e9chargement sont assez volumineux.<\/p>\n<p style=\"text-align: center;\">Suivant le d\u00e9bit de votre connexion, quelques minutes sont n\u00e9cessaires.<\/p>\n<p><img decoding=\"async\" class=\"aligncenter\" src=\"https:\/\/anterenn.com\/wp-content\/uploads\/2021\/04\/Logo-Aran-Crafts-1.jpg\" sizes=\"100vw\" alt=\"Aran Crafts logo\" width=\"288\" height=\"130\"><\/p>\n<p style=\"text-align: center;\"><a href=\"https:\/\/anterenn.com\/wp-content\/uploads\/2026\/01\/Westend-brochure-2026-LR.pdf\">T\u00e9l\u00e9charger catalogue Westend &#8211; Aran Crafts 2026<\/a><\/p>\n<p><img decoding=\"async\" class=\"aligncenter\" src=\"https:\/\/anterenn.com\/wp-content\/uploads\/2019\/06\/IE_Brandmark-Grey.jpg\" sizes=\"100vw\" alt=\"IrelandsEye logo\" width=\"300\" height=\"124\"><\/p>\n<p style=\"text-align: center;\"><a href=\"https:\/\/anterenn.com\/wp-content\/uploads\/2026\/01\/IrelandsEye-Heirlooms-2026-brochure-LR.pdf\">T\u00e9l\u00e9charger catalogue IrelandsEye Heirloom 2026<\/a><\/p>\n<p style=\"text-align: center;\"><a href=\"https:\/\/anterenn.com\/wp-content\/uploads\/2026\/01\/IrelandsEye-The-elemental-2026-brochure-LR.pdf\">T\u00e9l\u00e9charger catalogue IrelandsEye &#8211; The elemental collection 2026<\/a><\/p><p style=\"text-align: center;\"><br><\/p>\n<p><img decoding=\"async\" class=\"aligncenter\" src=\"https:\/\/anterenn.com\/wp-content\/uploads\/2025\/11\/Logo-Mucros-weavers.png\" sizes=\"100vw\" srcset=\"https:\/\/anterenn.com\/wp-content\/uploads\/2025\/11\/Logo-Mucros-weavers.png 370w, https:\/\/anterenn.com\/wp-content\/uploads\/2025\/11\/Logo-Mucros-weavers-300x99.png 300w\" alt=\"Logo Mucros weavers\" width=\"370\" height=\"122\"><\/p>\t\t\t\t\t\t\t\t<\/div>\n\t\t\t\t<\/div>\n\t\t\t\t\t<\/div>\n\t\t<\/div>\n\t\t\t\t\t<\/div>\n\t\t<\/section>\n\t\t\t\t<section class=\"elementor-section elementor-top-section elementor-element elementor-element-c2ad096 elementor-section-boxed elementor-section-height-default elementor-section-height-default\" data-id=\"c2ad096\" data-element_type=\"section\" data-e-type=\"section\">\n\t\t\t\t\t\t<div class=\"elementor-container elementor-column-gap-default\">\n\t\t\t\t\t<div class=\"elementor-column elementor-col-100 elementor-top-column elementor-element elementor-element-4a4f0a9\" data-id=\"4a4f0a9\" data-element_type=\"column\" data-e-type=\"column\">\n\t\t\t<div class=\"elementor-widget-wrap elementor-element-populated\">\n\t\t\t\t\t\t<div class=\"elementor-element elementor-element-58eaa53 elementor-widget elementor-widget-text-editor\" data-id=\"58eaa53\" data-element_type=\"widget\" data-e-type=\"widget\" data-widget_type=\"text-editor.default\">\n\t\t\t\t<div class=\"elementor-widget-container\">\n\t\t\t\t\t\t\t\t\t<p><a href=\"https:\/\/anterenn.com\/wp-content\/uploads\/2025\/11\/Mucros-brochure-2025.pdf\">T\u00e9l\u00e9charger catalogue Mucros weavers<\/a><\/p>\t\t\t\t\t\t\t\t<\/div>\n\t\t\t\t<\/div>\n\t\t\t\t\t<\/div>\n\t\t<\/div>\n\t\t\t\t\t<\/div>\n\t\t<\/section>\n\t\t\t\t<\/div>\n\t\t","protected":false},"excerpt":{"rendered":"<p>Les fichiers de t\u00e9l\u00e9chargement sont assez volumineux. Suivant le d\u00e9bit de votre connexion, quelques minutes sont n\u00e9cessaires. T\u00e9l\u00e9charger catalogue Westend &#8211; Aran Crafts 2026 T\u00e9l\u00e9charger catalogue IrelandsEye Heirloom 2026 T\u00e9l\u00e9charger catalogue IrelandsEye &#8211; The elemental collection 2026 T\u00e9l\u00e9charger catalogue Mucros weavers<\/p>\n","protected":false},"author":1,"featured_media":0,"parent":0,"menu_order":0,"comment_status":"closed","ping_status":"closed","template":"","meta":{"footnotes":""},"class_list":["post-597","page","type-page","status-publish","hentry"],"_links":{"self":[{"href":"https:\/\/anterenn.com\/index.php\/wp-json\/wp\/v2\/pages\/597","targetHints":{"allow":["GET"]}}],"collection":[{"href":"https:\/\/anterenn.com\/index.php\/wp-json\/wp\/v2\/pages"}],"about":[{"href":"https:\/\/anterenn.com\/index.php\/wp-json\/wp\/v2\/types\/page"}],"author":[{"embeddable":true,"href":"https:\/\/anterenn.com\/index.php\/wp-json\/wp\/v2\/users\/1"}],"replies":[{"embeddable":true,"href":"https:\/\/anterenn.com\/index.php\/wp-json\/wp\/v2\/comments?post=597"}],"version-history":[{"count":121,"href":"https:\/\/anterenn.com\/index.php\/wp-json\/wp\/v2\/pages\/597\/revisions"}],"predecessor-version":[{"id":23524,"href":"https:\/\/anterenn.com\/index.php\/wp-json\/wp\/v2\/pages\/597\/revisions\/23524"}],"wp:attachment":[{"href":"https:\/\/anterenn.com\/index.php\/wp-json\/wp\/v2\/media?parent=597"}],"curies":[{"name":"wp","href":"https:\/\/api.w.org\/{rel}","templated":true}]}}