{"id":249,"date":"2018-09-21T16:23:15","date_gmt":"2018-09-21T14:23:15","guid":{"rendered":"https:\/\/anterenn.com\/?page_id=249"},"modified":"2018-11-25T18:56:45","modified_gmt":"2018-11-25T17:56:45","slug":"chapellerie-echarpes","status":"publish","type":"page","link":"https:\/\/anterenn.com\/index.php\/collections\/chapellerie-echarpes\/","title":{"rendered":"Chapellerie, \u00e9charpes"},"content":{"rendered":"<p><span style=\"font-family: Georgia, serif;\"><img decoding=\"async\" class=\"size-medium wp-image-329 aligncenter\" src=\"https:\/\/anterenn.com\/wp-content\/uploads\/2018\/09\/chapellerie-300x36.jpg\" alt=\"\" width=\"300\" height=\"36\" \/><br \/>\nL&rsquo;Irlande est r\u00e9put\u00e9e pour ses tweeds en pure laine, nous vous proposons une s\u00e9lection de chapeaux, casquettes et \u00e9charpes confectionn\u00e9s et tiss\u00e9s de mani\u00e8re artisanale. Les mati\u00e8res toujours naturelles : laine d&rsquo;agneau, alpaga, cachemire, m\u00e9rinos, sont choisies soigneusement pour leur douceur et leur confort. Les \u00e9charpes et autres produits en tartan viennent d&rsquo;Ecosse. <\/span><\/p>\n<p style=\"text-align: center;\"><div class=\"slider-wrapper theme-light\"><div class=\"ribbon\"><\/div><div id=\"nivoslider-eNUcw-241\" class=\"nivoSlider\"><img decoding=\"async\" src=\"https:\/\/anterenn.com\/wp-content\/uploads\/2018\/09\/gilet-tweed-casquette-tweed-poncho-tweed-\u00e9cossais-anterenn-mucros.jpg\" title=\"#nivoslider-eNUcw-241-caption-0\" alt=\"\" \/><img decoding=\"async\" src=\"https:\/\/anterenn.com\/wp-content\/uploads\/2019\/09\/sac-tweed-pull-irlandais-pull-laine-anterenn-mucros.jpg\" title=\"#nivoslider-eNUcw-241-caption-1\" alt=\"\" \/><img decoding=\"async\" src=\"https:\/\/anterenn.com\/wp-content\/uploads\/2018\/09\/casquette-patchwork-laine-pull-irlandais-aran-marine-anterenn-mucros.jpg\" title=\"#nivoslider-eNUcw-241-caption-2\" alt=\"pull irlandais et casquette patch\" \/><img decoding=\"async\" src=\"https:\/\/anterenn.com\/wp-content\/uploads\/2018\/09\/chapeau-tweed-poncho-tweed-anterenn-mucros.jpg\" title=\"#nivoslider-eNUcw-241-caption-3\" alt=\"chapeau et poncho tweed\" \/><img decoding=\"async\" src=\"https:\/\/anterenn.com\/wp-content\/uploads\/2018\/09\/etole-irlandaise-pull-cotel\u00e9-anterenn-mucros.jpg\" title=\"#nivoslider-eNUcw-241-caption-4\" alt=\"Pull homme en laine et \u00e9charpe chaude\" \/><img decoding=\"async\" src=\"https:\/\/anterenn.com\/wp-content\/uploads\/2018\/09\/chapeau-tweed-femme-bleu-canard-cape-tweed-laine-anterenn-mucros.jpg\" title=\"#nivoslider-eNUcw-241-caption-5\" alt=\"\" \/><img decoding=\"async\" src=\"https:\/\/anterenn.com\/wp-content\/uploads\/2018\/09\/chapeau-tweed-poncho-tweed-rouille-vert-\u00e9cossais-sac-tweed-anterenn-mucros.jpg\" title=\"#nivoslider-eNUcw-241-caption-6\" alt=\"Poncho, sac et chapeau tweed\" \/><img decoding=\"async\" src=\"https:\/\/anterenn.com\/wp-content\/uploads\/2018\/09\/etole-irlandaise-vert-anis-cape-tweed-grise-anterenn-mucros.jpg\" title=\"#nivoslider-eNUcw-241-caption-7\" alt=\"Veste tweed et \u00e9tole\" \/><img decoding=\"async\" src=\"https:\/\/anterenn.com\/wp-content\/uploads\/2018\/09\/petit-sac-tweed-bleu-poncho-bleu-ecossais-anterenn-mucros.jpg\" title=\"#nivoslider-eNUcw-241-caption-8\" alt=\"Sac en tweed bleu \u00e0 carreaux en pure laine Mucros\" \/><\/div><\/div><div id=\"nivoslider-eNUcw-241-caption-0\" class=\"nivo-html-caption\">cape et gilet tweed<\/div><div id=\"nivoslider-eNUcw-241-caption-1\" class=\"nivo-html-caption\">sac tweed gris et pull aran ecru<\/div><div id=\"nivoslider-eNUcw-241-caption-2\" class=\"nivo-html-caption\">casquette patchwork et pull aran marine<\/div><div id=\"nivoslider-eNUcw-241-caption-3\" class=\"nivo-html-caption\">chapeau tweed rose<\/div><div id=\"nivoslider-eNUcw-241-caption-4\" class=\"nivo-html-caption\">\u00e9charpe longue ray\u00e9e gris et rouge<\/div><div id=\"nivoslider-eNUcw-241-caption-5\" class=\"nivo-html-caption\">chapeau tweed et cape assortie<\/div><div id=\"nivoslider-eNUcw-241-caption-6\" class=\"nivo-html-caption\">poncho, chapeau et sac tweed assortis<\/div><div id=\"nivoslider-eNUcw-241-caption-7\" class=\"nivo-html-caption\">\u00e9tole vert anis et cape grise<\/div><div id=\"nivoslider-eNUcw-241-caption-8\" class=\"nivo-html-caption\">petit sac en tweed bleu<\/div><script type=\"text\/javascript\">\nwindow.onload = function(){\n    jQuery(\"#nivoslider-eNUcw-241\").nivoSlider({\n        effect:\"slideInRight\",\n        slices:10,\n        boxCols:8,\n        boxRows:4,\n        animSpeed:1000,\n        pauseTime:3000,\n        startSlide:1,\n        directionNav:true,\n        controlNav:true,\n        controlNavThumbs:false,\n        pauseOnHover:true,\n        manualAdvance:false\n    });\n};\n<\/script>\n<\/p>\n","protected":false},"excerpt":{"rendered":"<p>L&rsquo;Irlande est r\u00e9put\u00e9e pour ses tweeds en pure laine, nous vous proposons une s\u00e9lection de chapeaux, casquettes et \u00e9charpes confectionn\u00e9s et tiss\u00e9s de mani\u00e8re artisanale. Les mati\u00e8res toujours naturelles : laine d&rsquo;agneau, alpaga, cachemire, m\u00e9rinos, sont choisies soigneusement pour leur douceur et leur confort. Les \u00e9charpes et autres produits en tartan viennent d&rsquo;Ecosse.<\/p>\n","protected":false},"author":1,"featured_media":0,"parent":50,"menu_order":4,"comment_status":"closed","ping_status":"closed","template":"","meta":{"footnotes":""},"class_list":["post-249","page","type-page","status-publish","hentry"],"_links":{"self":[{"href":"https:\/\/anterenn.com\/index.php\/wp-json\/wp\/v2\/pages\/249","targetHints":{"allow":["GET"]}}],"collection":[{"href":"https:\/\/anterenn.com\/index.php\/wp-json\/wp\/v2\/pages"}],"about":[{"href":"https:\/\/anterenn.com\/index.php\/wp-json\/wp\/v2\/types\/page"}],"author":[{"embeddable":true,"href":"https:\/\/anterenn.com\/index.php\/wp-json\/wp\/v2\/users\/1"}],"replies":[{"embeddable":true,"href":"https:\/\/anterenn.com\/index.php\/wp-json\/wp\/v2\/comments?post=249"}],"version-history":[{"count":6,"href":"https:\/\/anterenn.com\/index.php\/wp-json\/wp\/v2\/pages\/249\/revisions"}],"predecessor-version":[{"id":1890,"href":"https:\/\/anterenn.com\/index.php\/wp-json\/wp\/v2\/pages\/249\/revisions\/1890"}],"up":[{"embeddable":true,"href":"https:\/\/anterenn.com\/index.php\/wp-json\/wp\/v2\/pages\/50"}],"wp:attachment":[{"href":"https:\/\/anterenn.com\/index.php\/wp-json\/wp\/v2\/media?parent=249"}],"curies":[{"name":"wp","href":"https:\/\/api.w.org\/{rel}","templated":true}]}}