{"id":176,"date":"2018-08-20T15:07:31","date_gmt":"2018-08-20T13:07:31","guid":{"rendered":"https:\/\/anterenn.com\/?page_id=176"},"modified":"2018-11-06T14:33:24","modified_gmt":"2018-11-06T13:33:24","slug":"points-de-vente","status":"publish","type":"page","link":"https:\/\/anterenn.com\/index.php\/points-de-vente\/","title":{"rendered":"Points de vente"},"content":{"rendered":"\t\t<div data-elementor-type=\"wp-page\" data-elementor-id=\"176\" class=\"elementor elementor-176 elementor-bc-flex-widget\">\n\t\t\t\t\t\t<section class=\"elementor-section elementor-top-section elementor-element elementor-element-b357026 elementor-section-boxed elementor-section-height-default elementor-section-height-default\" data-id=\"b357026\" data-element_type=\"section\" data-e-type=\"section\">\n\t\t\t\t\t\t<div class=\"elementor-container elementor-column-gap-default\">\n\t\t\t\t\t<div class=\"elementor-column elementor-col-100 elementor-top-column elementor-element elementor-element-3a6530b\" data-id=\"3a6530b\" data-element_type=\"column\" data-e-type=\"column\">\n\t\t\t<div class=\"elementor-widget-wrap elementor-element-populated\">\n\t\t\t\t\t\t<div class=\"elementor-element elementor-element-73bc20c elementor-widget elementor-widget-text-editor\" data-id=\"73bc20c\" data-element_type=\"widget\" data-e-type=\"widget\" data-widget_type=\"text-editor.default\">\n\t\t\t\t<div class=\"elementor-widget-container\">\n\t\t\t\t\t\t\t\t\t<h1 style=\"text-align: center;\"><div id=\"lmm_ed248ed0\" style=\"width:100%;\" class=\"mapsmarker layermap layer-1\">\n<div id=\"lmm_panel_ed248ed0\" class=\"lmm-panel\" style=\"background:#efefef;\">\n<div id=\"lmm_panel_api_ed248ed0\" class=\"lmm-panel-api\"><\/div><div id=\"lmm_panel_text_ed248ed0\" class=\"lmm-panel-text\" style=\"font-weight:bold;color:#373737;\">Points de vente<\/div>\n<\/div>\n<div id=\"lmm_map_ed248ed0\" class=\"lmm-map\" style=\"background:#f6f6f6;border:1px solid #ccc;height:600px; overflow:hidden;padding:0;\"><p style=\"font-size:80%;color:#9f9e9e;margin-left:5px;\">chargement de la carte &#8211; veuillez patienter&#8230;<noscript><br\/><strong>La carte ne peut \u00eatre charg\u00e9e &#8211; s&rsquo;il vous pla\u00eet activer Javascript !<\/strong><br\/><a style=\"text-decoration:none;\" href=\"https:\/\/www.mapsmarker.com\/js-disabled\" target=\"_blank\">&rarr; plus dginformations<\/a><\/noscript><\/p><\/div>\n<div id=\"lmm_geo_tags_ed248ed0_1\" class=\"lmm-geo-tags geo\">ANTERENN: <span class=\"latitude\">48.631973<\/span>, <span class=\"longitude\">-4.411333<\/span><\/div>\n<div id=\"lmm_geo_tags_ed248ed0_4\" class=\"lmm-geo-tags geo\">COSY SHOP : <span class=\"latitude\">47.855500<\/span>, <span class=\"longitude\">-3.747060<\/span><\/div>\n<div id=\"lmm_geo_tags_ed248ed0_5\" class=\"lmm-geo-tags geo\">ALL OCEAN: <span class=\"latitude\">47.542600<\/span>, <span class=\"longitude\">-2.891760<\/span><\/div>\n<div id=\"lmm_geo_tags_ed248ed0_6\" class=\"lmm-geo-tags geo\">ALL OCEAN: <span class=\"latitude\">48.590000<\/span>, <span class=\"longitude\">-2.553200<\/span><\/div>\n<div id=\"lmm_geo_tags_ed248ed0_8\" class=\"lmm-geo-tags geo\">ALL OCEAN: <span class=\"latitude\">48.224500<\/span>, <span class=\"longitude\">-4.503160<\/span><\/div>\n<div id=\"lmm_geo_tags_ed248ed0_12\" class=\"lmm-geo-tags geo\">VERONIQUE SAITER: <span class=\"latitude\">43.557800<\/span>, <span class=\"longitude\">7.028970<\/span><\/div>\n<div id=\"lmm_geo_tags_ed248ed0_13\" class=\"lmm-geo-tags geo\">LA GARE DU CUIR ET DE LA LAINE: <span class=\"latitude\">42.825600<\/span>, <span class=\"longitude\">1.617450<\/span><\/div>\n<div id=\"lmm_geo_tags_ed248ed0_14\" class=\"lmm-geo-tags geo\">NATHALIE BOUTIQUE: <span class=\"latitude\">44.685500<\/span>, <span class=\"longitude\">2.848210<\/span><\/div>\n<div id=\"lmm_geo_tags_ed248ed0_15\" class=\"lmm-geo-tags geo\">MAISON EMPEREUR: <span class=\"latitude\">43.297300<\/span>, <span class=\"longitude\">5.377860<\/span><\/div>\n<div id=\"lmm_geo_tags_ed248ed0_16\" class=\"lmm-geo-tags geo\">LA PETITE NORMANDE: <span class=\"latitude\">49.340000<\/span>, <span class=\"longitude\">-0.622998<\/span><\/div>\n<div id=\"lmm_geo_tags_ed248ed0_19\" class=\"lmm-geo-tags geo\">AU MARIN NORMAND: <span class=\"latitude\">49.420500<\/span>, <span class=\"longitude\">0.232556<\/span><\/div>\n<div id=\"lmm_geo_tags_ed248ed0_20\" class=\"lmm-geo-tags geo\">TRADIMER: <span class=\"latitude\">47.478800<\/span>, <span class=\"longitude\">-3.123820<\/span><\/div>\n<div id=\"lmm_geo_tags_ed248ed0_23\" class=\"lmm-geo-tags geo\">LE COMPTOIR IRLANDAIS: <span class=\"latitude\">46.162200<\/span>, <span class=\"longitude\">-1.149620<\/span><\/div>\n<div id=\"lmm_geo_tags_ed248ed0_24\" class=\"lmm-geo-tags geo\">V\u00caTEMENTS MAILLET: <span class=\"latitude\">47.081100<\/span>, <span class=\"longitude\">2.392280<\/span><\/div>\n<div id=\"lmm_geo_tags_ed248ed0_25\" class=\"lmm-geo-tags geo\">V\u00caTEMENTS SIVRY: <span class=\"latitude\">46.721700<\/span>, <span class=\"longitude\">2.505300<\/span><\/div>\n<div id=\"lmm_geo_tags_ed248ed0_26\" class=\"lmm-geo-tags geo\">PATRICK &amp; JAMES: <span class=\"latitude\">48.454100<\/span>, <span class=\"longitude\">-2.043490<\/span><\/div>\n<div id=\"lmm_geo_tags_ed248ed0_27\" class=\"lmm-geo-tags geo\">COPER MARINE: <span class=\"latitude\">48.784500<\/span>, <span class=\"longitude\">-3.218440<\/span><\/div>\n<div id=\"lmm_geo_tags_ed248ed0_28\" class=\"lmm-geo-tags geo\">LA BOUTIQUE GERVAISE: <span class=\"latitude\">48.647500<\/span>, <span class=\"longitude\">-2.827610<\/span><\/div>\n<div id=\"lmm_geo_tags_ed248ed0_29\" class=\"lmm-geo-tags geo\">COMPTOIR DE LA MER: <span class=\"latitude\">48.636100<\/span>, <span class=\"longitude\">-2.469820<\/span><\/div>\n<div id=\"lmm_geo_tags_ed248ed0_31\" class=\"lmm-geo-tags geo\">GALERIES KER ILIZ: <span class=\"latitude\">48.814700<\/span>, <span class=\"longitude\">-3.445200<\/span><\/div>\n<div id=\"lmm_geo_tags_ed248ed0_32\" class=\"lmm-geo-tags geo\">LA FILATURE DE BELVES: <span class=\"latitude\">44.787300<\/span>, <span class=\"longitude\">1.011150<\/span><\/div>\n<div id=\"lmm_geo_tags_ed248ed0_34\" class=\"lmm-geo-tags geo\">COMPTOIR DE LA MER: <span class=\"latitude\">48.097800<\/span>, <span class=\"longitude\">-4.326750<\/span><\/div>\n<div id=\"lmm_geo_tags_ed248ed0_37\" class=\"lmm-geo-tags geo\">COMPTOIR DE LA MER: <span class=\"latitude\">47.772200<\/span>, <span class=\"longitude\">-3.611690<\/span><\/div>\n<div id=\"lmm_geo_tags_ed248ed0_39\" class=\"lmm-geo-tags geo\">DOCKS ET MER: <span class=\"latitude\">47.795400<\/span>, <span class=\"longitude\">-4.283880<\/span><\/div>\n<div id=\"lmm_geo_tags_ed248ed0_41\" class=\"lmm-geo-tags geo\">COMPTOIR DE LA MER: <span class=\"latitude\">48.021800<\/span>, <span class=\"longitude\">-4.538090<\/span><\/div>\n<div id=\"lmm_geo_tags_ed248ed0_42\" class=\"lmm-geo-tags geo\">PORTSALL NAUTIQUE: <span class=\"latitude\">48.555700<\/span>, <span class=\"longitude\">-4.699150<\/span><\/div>\n<div id=\"lmm_geo_tags_ed248ed0_43\" class=\"lmm-geo-tags geo\">COMPTOIR DE LA MER: <span class=\"latitude\">47.877900<\/span>, <span class=\"longitude\">-3.908660<\/span><\/div>\n<div id=\"lmm_geo_tags_ed248ed0_44\" class=\"lmm-geo-tags geo\">BIOMIDI: <span class=\"latitude\">43.579300<\/span>, <span class=\"longitude\">1.495670<\/span><\/div>\n<div id=\"lmm_geo_tags_ed248ed0_47\" class=\"lmm-geo-tags geo\">COMPTOIR DE LA MER: <span class=\"latitude\">48.640900<\/span>, <span class=\"longitude\">-2.017280<\/span><\/div>\n<div id=\"lmm_geo_tags_ed248ed0_49\" class=\"lmm-geo-tags geo\">LES P\\&#039;TITES FRINGUES: <span class=\"latitude\">44.817100<\/span>, <span class=\"longitude\">5.751330<\/span><\/div>\n<div id=\"lmm_geo_tags_ed248ed0_50\" class=\"lmm-geo-tags geo\">LE PULL IRLANDAIS: <span class=\"latitude\">46.485900<\/span>, <span class=\"longitude\">6.060870<\/span><\/div>\n<div id=\"lmm_geo_tags_ed248ed0_51\" class=\"lmm-geo-tags geo\">COMPTOIR DE LA MER: <span class=\"latitude\">47.127500<\/span>, <span class=\"longitude\">-2.122030<\/span><\/div>\n<div id=\"lmm_geo_tags_ed248ed0_52\" class=\"lmm-geo-tags geo\">COMPTOIR DES GABELOUS: <span class=\"latitude\">47.328400<\/span>, <span class=\"longitude\">-2.429150<\/span><\/div>\n<div id=\"lmm_geo_tags_ed248ed0_53\" class=\"lmm-geo-tags geo\">COMPTOIR DE LA MER: <span class=\"latitude\">47.346200<\/span>, <span class=\"longitude\">-2.510170<\/span><\/div>\n<div id=\"lmm_geo_tags_ed248ed0_54\" class=\"lmm-geo-tags geo\">COMPTOIR DE LA MER: <span class=\"latitude\">47.298700<\/span>, <span class=\"longitude\">-2.517150<\/span><\/div>\n<div id=\"lmm_geo_tags_ed248ed0_56\" class=\"lmm-geo-tags geo\">LA BOUTIQUE IRLANDAISE: <span class=\"latitude\">49.375220<\/span>, <span class=\"longitude\">-1.790771<\/span><\/div>\n<div id=\"lmm_geo_tags_ed248ed0_57\" class=\"lmm-geo-tags geo\">COMPTOIR IRLANDAIS: <span class=\"latitude\">48.838700<\/span>, <span class=\"longitude\">-1.598400<\/span><\/div>\n<div id=\"lmm_geo_tags_ed248ed0_59\" class=\"lmm-geo-tags geo\">LE PIED MARIN: <span class=\"latitude\">47.482600<\/span>, <span class=\"longitude\">-2.474550<\/span><\/div>\n<div id=\"lmm_geo_tags_ed248ed0_60\" class=\"lmm-geo-tags geo\">LE GRENIER DU LIN: <span class=\"latitude\">50.983400<\/span>, <span class=\"longitude\">2.573690<\/span><\/div>\n<div id=\"lmm_geo_tags_ed248ed0_64\" class=\"lmm-geo-tags geo\">GERMAINE: <span class=\"latitude\">50.710200<\/span>, <span class=\"longitude\">1.590160<\/span><\/div>\n<div id=\"lmm_geo_tags_ed248ed0_65\" class=\"lmm-geo-tags geo\">MARTIN &amp; MARTIN: <span class=\"latitude\">50.523900<\/span>, <span class=\"longitude\">1.585050<\/span><\/div>\n<div id=\"lmm_geo_tags_ed248ed0_67\" class=\"lmm-geo-tags geo\">LA FILATURE: <span class=\"latitude\">42.963900<\/span>, <span class=\"longitude\">0.378323<\/span><\/div>\n<div id=\"lmm_geo_tags_ed248ed0_68\" class=\"lmm-geo-tags geo\">DUNYACH: <span class=\"latitude\">42.404100<\/span>, <span class=\"longitude\">2.478210<\/span><\/div>\n<div id=\"lmm_geo_tags_ed248ed0_70\" class=\"lmm-geo-tags geo\">LE COMPTOIR IRLANDAIS: <span class=\"latitude\">48.001100<\/span>, <span class=\"longitude\">0.197723<\/span><\/div>\n<div id=\"lmm_geo_tags_ed248ed0_76\" class=\"lmm-geo-tags geo\">WESC: <span class=\"latitude\">45.921800<\/span>, <span class=\"longitude\">6.868120<\/span><\/div>\n<div id=\"lmm_geo_tags_ed248ed0_77\" class=\"lmm-geo-tags geo\">COMPAGNIE HANSEATIQUE: <span class=\"latitude\">48.844100<\/span>, <span class=\"longitude\">2.342300<\/span><\/div>\n<div id=\"lmm_geo_tags_ed248ed0_78\" class=\"lmm-geo-tags geo\">26 BRUMAIRE: <span class=\"latitude\">48.864800<\/span>, <span class=\"longitude\">2.376380<\/span><\/div>\n<div id=\"lmm_geo_tags_ed248ed0_81\" class=\"lmm-geo-tags geo\">L\\&#039;ATELIER 45: <span class=\"latitude\">49.928500<\/span>, <span class=\"longitude\">1.081450<\/span><\/div>\n<div id=\"lmm_geo_tags_ed248ed0_83\" class=\"lmm-geo-tags geo\">COTE OUEST: <span class=\"latitude\">50.060700<\/span>, <span class=\"longitude\">1.372350<\/span><\/div>\n<div id=\"lmm_geo_tags_ed248ed0_84\" class=\"lmm-geo-tags geo\">ORIGINE REALLY: <span class=\"latitude\">48.806000<\/span>, <span class=\"longitude\">2.130680<\/span><\/div>\n<div id=\"lmm_geo_tags_ed248ed0_85\" class=\"lmm-geo-tags geo\">EVASION: <span class=\"latitude\">50.185800<\/span>, <span class=\"longitude\">1.641550<\/span><\/div>\n<div id=\"lmm_geo_tags_ed248ed0_88\" class=\"lmm-geo-tags geo\">VOILERIE BURGAUD: <span class=\"latitude\">46.998900<\/span>, <span class=\"longitude\">-2.241920<\/span><\/div>\n<div id=\"lmm_geo_tags_ed248ed0_89\" class=\"lmm-geo-tags geo\">COMPTOIR DE LA MER: <span class=\"latitude\">46.724300<\/span>, <span class=\"longitude\">-2.346560<\/span><\/div>\n<div id=\"lmm_geo_tags_ed248ed0_90\" class=\"lmm-geo-tags geo\">COMPTOIR DE LA MER: <span class=\"latitude\">46.695300<\/span>, <span class=\"longitude\">-1.940690<\/span><\/div>\n<div id=\"lmm_geo_tags_ed248ed0_94\" class=\"lmm-geo-tags geo\">A LA GLISS: <span class=\"latitude\">45.809500<\/span>, <span class=\"longitude\">6.518920<\/span><\/div>\n<div id=\"lmm_geo_tags_ed248ed0_95\" class=\"lmm-geo-tags geo\">REGIS SPORTS: <span class=\"latitude\">45.379600<\/span>, <span class=\"longitude\">6.723140<\/span><\/div>\n<div id=\"lmm_geo_tags_ed248ed0_96\" class=\"lmm-geo-tags geo\">AUX DAMES DE LA COTE: <span class=\"latitude\">48.694500<\/span>, <span class=\"longitude\">-3.789060<\/span><\/div>\n<div id=\"lmm_geo_tags_ed248ed0_99\" class=\"lmm-geo-tags geo\">LE MATELOT: <span class=\"latitude\">47.874200<\/span>, <span class=\"longitude\">-4.110120<\/span><\/div>\n<div id=\"lmm_geo_tags_ed248ed0_100\" class=\"lmm-geo-tags geo\">LA MARINE HIER: <span class=\"latitude\">46.927200<\/span>, <span class=\"longitude\">-2.051320<\/span><\/div>\n<div id=\"lmm_geo_tags_ed248ed0_101\" class=\"lmm-geo-tags geo\">COMPTOIR DE LA MER: <span class=\"latitude\">48.275300<\/span>, <span class=\"longitude\">-4.589970<\/span><\/div>\n<div id=\"lmm_geo_tags_ed248ed0_110\" class=\"lmm-geo-tags geo\">MAISON BELOSCAR: <span class=\"latitude\">43.063600<\/span>, <span class=\"longitude\">0.148551<\/span><\/div>\n<div id=\"lmm_geo_tags_ed248ed0_111\" class=\"lmm-geo-tags geo\">COMPTOIR DES CHEMISES ET ACCESSOIRES: <span class=\"latitude\">48.870300<\/span>, <span class=\"longitude\">2.327060<\/span><\/div>\n<div id=\"lmm_geo_tags_ed248ed0_114\" class=\"lmm-geo-tags geo\">VOILERIE BURGAUD: <span class=\"latitude\">47.024300<\/span>, <span class=\"longitude\">-2.298930<\/span><\/div>\n<div id=\"lmm_geo_tags_ed248ed0_117\" class=\"lmm-geo-tags geo\">DOCKS ET MER: <span class=\"latitude\">47.798100<\/span>, <span class=\"longitude\">-4.213900<\/span><\/div>\n<div id=\"lmm_geo_tags_ed248ed0_118\" class=\"lmm-geo-tags geo\">LE GRENIER DU LIN: <span class=\"latitude\">51.098900<\/span>, <span class=\"longitude\">2.591910<\/span><\/div>\n<div id=\"lmm_geo_tags_ed248ed0_121\" class=\"lmm-geo-tags geo\">PAVILLON NOIR: <span class=\"latitude\">48.572400<\/span>, <span class=\"longitude\">-4.323100<\/span><\/div>\n<div id=\"lmm_geo_tags_ed248ed0_123\" class=\"lmm-geo-tags geo\">LA BOUTIQUE IRLANDAISE: <span class=\"latitude\">49.586500<\/span>, <span class=\"longitude\">-1.265290<\/span><\/div>\n<div id=\"lmm_geo_tags_ed248ed0_124\" class=\"lmm-geo-tags geo\">BOUTIQUE ISLANDER: <span class=\"latitude\">48.649000<\/span>, <span class=\"longitude\">-2.026510<\/span><\/div>\n<div id=\"lmm_geo_tags_ed248ed0_125\" class=\"lmm-geo-tags geo\">ARMURERIE SIMON: <span class=\"latitude\">47.424400<\/span>, <span class=\"longitude\">2.053360<\/span><\/div>\n<div id=\"lmm_geo_tags_ed248ed0_126\" class=\"lmm-geo-tags geo\">SPORTVIL: <span class=\"latitude\">45.686000<\/span>, <span class=\"longitude\">3.192330<\/span><\/div>\n<div id=\"lmm_geo_tags_ed248ed0_127\" class=\"lmm-geo-tags geo\">LES SEMAILLES: <span class=\"latitude\">47.727700<\/span>, <span class=\"longitude\">0.575558<\/span><\/div>\n<div id=\"lmm_geo_tags_ed248ed0_129\" class=\"lmm-geo-tags geo\">NATURE: <span class=\"latitude\">45.137300<\/span>, <span class=\"longitude\">2.493560<\/span><\/div>\n<div id=\"lmm_geo_tags_ed248ed0_131\" class=\"lmm-geo-tags geo\">LE HALL DE PRESSE: <span class=\"latitude\">45.484100<\/span>, <span class=\"longitude\">6.531870<\/span><\/div>\n<div id=\"lmm_geo_tags_ed248ed0_132\" class=\"lmm-geo-tags geo\">COMPTOIR DE LA MER: <span class=\"latitude\">49.760500<\/span>, <span class=\"longitude\">0.373660<\/span><\/div>\n<div id=\"lmm_geo_tags_ed248ed0_133\" class=\"lmm-geo-tags geo\">ANNE AR BREIZ: <span class=\"latitude\">48.875400<\/span>, <span class=\"longitude\">2.391190<\/span><\/div>\n<div id=\"lmm_geo_tags_ed248ed0_134\" class=\"lmm-geo-tags geo\">WALTER: <span class=\"latitude\">48.454100<\/span>, <span class=\"longitude\">-2.043490<\/span><\/div>\n<div id=\"lmm_geo_tags_ed248ed0_135\" class=\"lmm-geo-tags geo\">LA BOBINE A MIMINE: <span class=\"latitude\">50.837600<\/span>, <span class=\"longitude\">2.351960<\/span><\/div>\n<div id=\"lmm_geo_tags_ed248ed0_136\" class=\"lmm-geo-tags geo\">ESCALE MARINE: <span class=\"latitude\">48.216038<\/span>, <span class=\"longitude\">16.378984<\/span><\/div>\n<div id=\"lmm_geo_tags_ed248ed0_137\" class=\"lmm-geo-tags geo\">LA RAYURE: <span class=\"latitude\">48.216038<\/span>, <span class=\"longitude\">16.378984<\/span><\/div>\n<\/div><\/h1>\t\t\t\t\t\t\t\t<\/div>\n\t\t\t\t<\/div>\n\t\t\t\t\t<\/div>\n\t\t<\/div>\n\t\t\t\t\t<\/div>\n\t\t<\/section>\n\t\t\t\t<\/div>\n\t\t","protected":false},"excerpt":{"rendered":"","protected":false},"author":1,"featured_media":0,"parent":0,"menu_order":0,"comment_status":"closed","ping_status":"closed","template":"","meta":{"footnotes":""},"class_list":["post-176","page","type-page","status-publish","hentry"],"_links":{"self":[{"href":"https:\/\/anterenn.com\/index.php\/wp-json\/wp\/v2\/pages\/176","targetHints":{"allow":["GET"]}}],"collection":[{"href":"https:\/\/anterenn.com\/index.php\/wp-json\/wp\/v2\/pages"}],"about":[{"href":"https:\/\/anterenn.com\/index.php\/wp-json\/wp\/v2\/types\/page"}],"author":[{"embeddable":true,"href":"https:\/\/anterenn.com\/index.php\/wp-json\/wp\/v2\/users\/1"}],"replies":[{"embeddable":true,"href":"https:\/\/anterenn.com\/index.php\/wp-json\/wp\/v2\/comments?post=176"}],"version-history":[{"count":26,"href":"https:\/\/anterenn.com\/index.php\/wp-json\/wp\/v2\/pages\/176\/revisions"}],"predecessor-version":[{"id":370,"href":"https:\/\/anterenn.com\/index.php\/wp-json\/wp\/v2\/pages\/176\/revisions\/370"}],"wp:attachment":[{"href":"https:\/\/anterenn.com\/index.php\/wp-json\/wp\/v2\/media?parent=176"}],"curies":[{"name":"wp","href":"https:\/\/api.w.org\/{rel}","templated":true}]}}